{"id":2,"date":"2023-05-10T19:06:46","date_gmt":"2023-05-10T17:06:46","guid":{"rendered":"https:\/\/www.tipi-gantrisch.ch\/?page_id=2"},"modified":"2025-01-12T09:21:14","modified_gmt":"2025-01-12T08:21:14","slug":"beispiel-seite","status":"publish","type":"page","link":"https:\/\/www.tipi-gantrisch.ch\/","title":{"rendered":"Leider kann das Tipidorf auf Grund beh\u00f6rdlicher Auflagen nicht mehr angeboten werden. Das Tipidorf-Gantrisch bleibt bis auf weiteres geschlossen!"},"content":{"rendered":"\n<p>Als Zuhause f\u00fcr Mensch und Tier bieten wir&nbsp;besondere Erlebnisse an. Von der Natur inspiriert, meistern wir das Leben nahe am Himmel. Zu unserem kleinen Paradies, direkt an einem grossen Waldgebiet (im Naturpark) gelegen, geh\u00f6rt ein kleiner Bauernbetrieb welcher nach biologischen Kriterien bewirtschaftet wird. Zudem bieten wir Eselspazierg\u00e4nge und Erlebnisse mit den Tieren an. Der angrenzende Wald h\u00e4lt viele Wanderm\u00f6glichkeiten, Abenteuer und beste Luft bereit. <\/p>\n\n\n\n<figure class=\"wp-block-pullquote\"><blockquote><p> Wir bieten ein Abenteuer f\u00fcr Gruppen, Familien oder Paare an. <br>Mit Blick auf Eiger, M\u00f6nch und Jungfrau um das Feuer zu sitzen, den Kindern beim Spielen zuzuschauen, mit den Eseln spazieren zu gehen oder auch mal nur die V\u00f6gel zu belauschen. <br>Diese Ferien werden garantiert zum Erlebnis f\u00fcr GROSS und klein.<\/p><cite>Stephan Maag &#8211; Gr\u00fcnder und Initiant<\/cite><\/blockquote><\/figure>\n\n\n\n<figure class=\"wp-block-gallery has-nested-images columns-default is-cropped wp-block-gallery-1 is-layout-flex wp-block-gallery-is-layout-flex\">\n<figure class=\"wp-block-image size-large\"><img loading=\"lazy\" decoding=\"async\" width=\"1024\" height=\"768\" data-id=\"91\" src=\"https:\/\/www.tipi-gantrisch.ch\/wp-content\/uploads\/2023\/05\/IMG_4115-1024x768.jpg\" alt=\"\" class=\"wp-image-91\" srcset=\"https:\/\/www.tipi-gantrisch.ch\/wp-content\/uploads\/2023\/05\/IMG_4115-1024x768.jpg 1024w, https:\/\/www.tipi-gantrisch.ch\/wp-content\/uploads\/2023\/05\/IMG_4115-300x225.jpg 300w, https:\/\/www.tipi-gantrisch.ch\/wp-content\/uploads\/2023\/05\/IMG_4115-768x576.jpg 768w, https:\/\/www.tipi-gantrisch.ch\/wp-content\/uploads\/2023\/05\/IMG_4115-1536x1152.jpg 1536w, https:\/\/www.tipi-gantrisch.ch\/wp-content\/uploads\/2023\/05\/IMG_4115-2048x1536.jpg 2048w\" sizes=\"(max-width: 1024px) 100vw, 1024px\" \/><\/figure>\n\n\n\n<figure class=\"wp-block-image size-large\"><img loading=\"lazy\" decoding=\"async\" width=\"1024\" height=\"461\" data-id=\"86\" src=\"https:\/\/www.tipi-gantrisch.ch\/wp-content\/uploads\/2023\/05\/IMG_7414-1024x461.jpeg\" alt=\"\" class=\"wp-image-86\" srcset=\"https:\/\/www.tipi-gantrisch.ch\/wp-content\/uploads\/2023\/05\/IMG_7414-1024x461.jpeg 1024w, https:\/\/www.tipi-gantrisch.ch\/wp-content\/uploads\/2023\/05\/IMG_7414-300x135.jpeg 300w, https:\/\/www.tipi-gantrisch.ch\/wp-content\/uploads\/2023\/05\/IMG_7414-768x346.jpeg 768w, https:\/\/www.tipi-gantrisch.ch\/wp-content\/uploads\/2023\/05\/IMG_7414-1536x692.jpeg 1536w, https:\/\/www.tipi-gantrisch.ch\/wp-content\/uploads\/2023\/05\/IMG_7414.jpeg 2048w\" sizes=\"(max-width: 1024px) 100vw, 1024px\" \/><\/figure>\n\n\n\n<figure class=\"wp-block-image size-large\"><img loading=\"lazy\" decoding=\"async\" width=\"810\" height=\"1024\" data-id=\"74\" src=\"https:\/\/www.tipi-gantrisch.ch\/wp-content\/uploads\/2023\/05\/IMG_3819-810x1024.jpeg\" alt=\"\" class=\"wp-image-74\" srcset=\"https:\/\/www.tipi-gantrisch.ch\/wp-content\/uploads\/2023\/05\/IMG_3819-810x1024.jpeg 810w, https:\/\/www.tipi-gantrisch.ch\/wp-content\/uploads\/2023\/05\/IMG_3819-237x300.jpeg 237w, https:\/\/www.tipi-gantrisch.ch\/wp-content\/uploads\/2023\/05\/IMG_3819-768x971.jpeg 768w, https:\/\/www.tipi-gantrisch.ch\/wp-content\/uploads\/2023\/05\/IMG_3819-1215x1536.jpeg 1215w, https:\/\/www.tipi-gantrisch.ch\/wp-content\/uploads\/2023\/05\/IMG_3819-1619x2048.jpeg 1619w, https:\/\/www.tipi-gantrisch.ch\/wp-content\/uploads\/2023\/05\/IMG_3819-scaled.jpeg 2024w\" sizes=\"(max-width: 810px) 100vw, 810px\" \/><\/figure>\n\n\n\n<figure class=\"wp-block-image size-large\"><img loading=\"lazy\" decoding=\"async\" width=\"768\" height=\"1024\" data-id=\"75\" src=\"https:\/\/www.tipi-gantrisch.ch\/wp-content\/uploads\/2023\/05\/IMG_3820-768x1024.jpg\" alt=\"\" class=\"wp-image-75\" srcset=\"https:\/\/www.tipi-gantrisch.ch\/wp-content\/uploads\/2023\/05\/IMG_3820-768x1024.jpg 768w, https:\/\/www.tipi-gantrisch.ch\/wp-content\/uploads\/2023\/05\/IMG_3820-225x300.jpg 225w, https:\/\/www.tipi-gantrisch.ch\/wp-content\/uploads\/2023\/05\/IMG_3820-1152x1536.jpg 1152w, https:\/\/www.tipi-gantrisch.ch\/wp-content\/uploads\/2023\/05\/IMG_3820-1536x2048.jpg 1536w, https:\/\/www.tipi-gantrisch.ch\/wp-content\/uploads\/2023\/05\/IMG_3820-scaled.jpg 1920w\" sizes=\"(max-width: 768px) 100vw, 768px\" \/><\/figure>\n\n\n\n<figure class=\"wp-block-image size-large\"><img loading=\"lazy\" decoding=\"async\" width=\"768\" height=\"1024\" data-id=\"71\" src=\"https:\/\/www.tipi-gantrisch.ch\/wp-content\/uploads\/2023\/05\/bb1c7f8f-2737-43e7-a889-03f3b4b3d8ff-1-768x1024.jpeg\" alt=\"\" class=\"wp-image-71\" srcset=\"https:\/\/www.tipi-gantrisch.ch\/wp-content\/uploads\/2023\/05\/bb1c7f8f-2737-43e7-a889-03f3b4b3d8ff-1-768x1024.jpeg 768w, https:\/\/www.tipi-gantrisch.ch\/wp-content\/uploads\/2023\/05\/bb1c7f8f-2737-43e7-a889-03f3b4b3d8ff-1-225x300.jpeg 225w, https:\/\/www.tipi-gantrisch.ch\/wp-content\/uploads\/2023\/05\/bb1c7f8f-2737-43e7-a889-03f3b4b3d8ff-1-1152x1536.jpeg 1152w, https:\/\/www.tipi-gantrisch.ch\/wp-content\/uploads\/2023\/05\/bb1c7f8f-2737-43e7-a889-03f3b4b3d8ff-1.jpeg 1536w\" sizes=\"(max-width: 768px) 100vw, 768px\" \/><\/figure>\n\n\n\n<figure class=\"wp-block-image size-large\"><img loading=\"lazy\" decoding=\"async\" width=\"768\" height=\"1024\" data-id=\"70\" src=\"https:\/\/www.tipi-gantrisch.ch\/wp-content\/uploads\/2023\/05\/0dcd8cdf-46cf-4e6b-995a-3934882cfcc2.jpeg\" alt=\"\" class=\"wp-image-70\" srcset=\"https:\/\/www.tipi-gantrisch.ch\/wp-content\/uploads\/2023\/05\/0dcd8cdf-46cf-4e6b-995a-3934882cfcc2.jpeg 768w, https:\/\/www.tipi-gantrisch.ch\/wp-content\/uploads\/2023\/05\/0dcd8cdf-46cf-4e6b-995a-3934882cfcc2-225x300.jpeg 225w\" sizes=\"(max-width: 768px) 100vw, 768px\" \/><\/figure>\n<\/figure>\n","protected":false},"excerpt":{"rendered":"<p>Als Zuhause f\u00fcr Mensch und Tier bieten wir&nbsp;besondere Erlebnisse an. Von der Natur inspiriert, meistern wir das Leben nahe am Himmel. Zu unserem kleinen Paradies, direkt an einem grossen Waldgebiet (im Naturpark) gelegen, geh\u00f6rt ein kleiner Bauernbetrieb welcher nach biologischen Kriterien bewirtschaftet wird. Zudem bieten wir Eselspazierg\u00e4nge und Erlebnisse mit den Tieren an. Der angrenzende<\/p>\n<div class=\"more-link\">\n\t\t\t\t <a href=\"https:\/\/www.tipi-gantrisch.ch\/\" class=\"link-btn\"><span>Weiterlesen <\/span> <i class=\"icofont-thin-double-right\"><\/i><\/a>\n\t\t\t<\/div>\n","protected":false},"author":2,"featured_media":0,"parent":0,"menu_order":0,"comment_status":"closed","ping_status":"open","template":"","meta":{"footnotes":""},"_links":{"self":[{"href":"https:\/\/www.tipi-gantrisch.ch\/index.php?rest_route=\/wp\/v2\/pages\/2"}],"collection":[{"href":"https:\/\/www.tipi-gantrisch.ch\/index.php?rest_route=\/wp\/v2\/pages"}],"about":[{"href":"https:\/\/www.tipi-gantrisch.ch\/index.php?rest_route=\/wp\/v2\/types\/page"}],"author":[{"embeddable":true,"href":"https:\/\/www.tipi-gantrisch.ch\/index.php?rest_route=\/wp\/v2\/users\/2"}],"replies":[{"embeddable":true,"href":"https:\/\/www.tipi-gantrisch.ch\/index.php?rest_route=%2Fwp%2Fv2%2Fcomments&post=2"}],"version-history":[{"count":8,"href":"https:\/\/www.tipi-gantrisch.ch\/index.php?rest_route=\/wp\/v2\/pages\/2\/revisions"}],"predecessor-version":[{"id":158,"href":"https:\/\/www.tipi-gantrisch.ch\/index.php?rest_route=\/wp\/v2\/pages\/2\/revisions\/158"}],"wp:attachment":[{"href":"https:\/\/www.tipi-gantrisch.ch\/index.php?rest_route=%2Fwp%2Fv2%2Fmedia&parent=2"}],"curies":[{"name":"wp","href":"https:\/\/api.w.org\/{rel}","templated":true}]}}