{"id":44,"date":"2023-05-14T21:51:50","date_gmt":"2023-05-14T19:51:50","guid":{"rendered":"https:\/\/www.tipi-gantrisch.ch\/?page_id=44"},"modified":"2023-05-15T23:13:35","modified_gmt":"2023-05-15T21:13:35","slug":"naturpark-gantrisch","status":"publish","type":"page","link":"https:\/\/www.tipi-gantrisch.ch\/?page_id=44","title":{"rendered":"Naturpark Gantrisch"},"content":{"rendered":"<div class=\"wp-block-image\">\n<figure class=\"aligncenter size-large\"><img loading=\"lazy\" decoding=\"async\" width=\"1024\" height=\"768\" src=\"https:\/\/www.tipi-gantrisch.ch\/wp-content\/uploads\/2023\/05\/naturpark_gantrisch_region_gemeinden_gantrisch_1600x1200-1024x768.jpeg\" alt=\"\" class=\"wp-image-108\" srcset=\"https:\/\/www.tipi-gantrisch.ch\/wp-content\/uploads\/2023\/05\/naturpark_gantrisch_region_gemeinden_gantrisch_1600x1200-1024x768.jpeg 1024w, https:\/\/www.tipi-gantrisch.ch\/wp-content\/uploads\/2023\/05\/naturpark_gantrisch_region_gemeinden_gantrisch_1600x1200-300x225.jpeg 300w, https:\/\/www.tipi-gantrisch.ch\/wp-content\/uploads\/2023\/05\/naturpark_gantrisch_region_gemeinden_gantrisch_1600x1200-768x576.jpeg 768w, https:\/\/www.tipi-gantrisch.ch\/wp-content\/uploads\/2023\/05\/naturpark_gantrisch_region_gemeinden_gantrisch_1600x1200-1536x1152.jpeg 1536w, https:\/\/www.tipi-gantrisch.ch\/wp-content\/uploads\/2023\/05\/naturpark_gantrisch_region_gemeinden_gantrisch_1600x1200.jpeg 1600w\" sizes=\"(max-width: 1024px) 100vw, 1024px\" \/><figcaption class=\"wp-element-caption\">N\u00fcnenen und Gantrisch<\/figcaption><\/figure><\/div>\n\n\n<p>Entdecke den Naturpark Gantrisch mit seiner Vielfalt an Erlebnissen, kulturellen Sch\u00e4tzen, regionalen K\u00f6stlichkeiten und authentischen Gastgeber:innen. Mitten im Naturpark steht das <a href=\"http:\/\/www.tipi-gantrisch.ch\">Tipidorf<\/a>.<\/p>\n\n\n\n<p>Die Urlandschaft Brecca, der Dittligsee, das G\u00fcrbetal, der L\u00e4ngenberg oder der Gurnigel mit unserem Namensgeber Gantrisch, sind die naturlandschaftlichen Sch\u00e4tze unseres Parks.<\/p>\n\n\n\n<p>Zu den wertvollsten Landschaften der Schweiz z\u00e4hlen die Moorlanschaft \u201cGantrisch\/Gurnigel\u201d sowie das \u201cSchwarzenburgerland mit Sense- und Schwarzwasser-Schluchten\u201d, die Teil des Bundesinventar der Landschaften und Naturdenkm\u00e4ler (BLN) sind.<\/p>\n\n\n\n<p>Der Naturpark Gantrisch liegt im St\u00e4dte-Dreieck Bern \u2013 Thun \u2013 Freiburg. Der Perimeter des Naturparks Gantrisch erstreckt sich \u00fcber knapp 406 Quadratkilometer und \u00fcber die zwei Kantone Bern und Freiburg. In den 19 Parkgemeinden leben \u00fcber 47 000 Einwohnerinnen und Einwohner (Stand Ende 2021).<\/p>\n\n\n\n<p class=\"has-white-color has-text-color has-background\" style=\"background:linear-gradient(135deg,rgb(252,185,0) 0%,rgba(255,106,0,0.01) 100%)\"> <strong><a href=\"https:\/\/www.gantrisch.ch\/entdecken\/\">NATURPARK ENTDECKEN<\/a><\/strong><\/p>\n\n\n\n<p class=\"has-white-color has-text-color has-background\" style=\"background:linear-gradient(135deg,rgb(252,185,0) 0%,rgba(255,106,0,0.01) 100%)\"><a href=\"https:\/\/www.gantrisch.ch\/anpacken\/\"><strong>NATURPARK ANPACKEN<\/strong><\/a><\/p>\n\n\n\n<p class=\"has-white-color has-text-color has-background\" style=\"background:linear-gradient(135deg,rgb(252,185,0) 0%,rgba(255,106,0,0) 100%)\"><strong><a href=\"https:\/\/www.gantrisch.ch\/naturpark\/\">NATURPARK GANTRISCH<\/a><\/strong><\/p>\n\n\n<div class=\"wp-block-image\">\n<figure class=\"aligncenter size-full is-resized\"><img loading=\"lazy\" decoding=\"async\" src=\"https:\/\/www.tipi-gantrisch.ch\/wp-content\/uploads\/2023\/05\/Naturpark_Gantrisch_Logo_screen.jpg\" alt=\"\" class=\"wp-image-110\" width=\"393\" height=\"127\" srcset=\"https:\/\/www.tipi-gantrisch.ch\/wp-content\/uploads\/2023\/05\/Naturpark_Gantrisch_Logo_screen.jpg 755w, https:\/\/www.tipi-gantrisch.ch\/wp-content\/uploads\/2023\/05\/Naturpark_Gantrisch_Logo_screen-300x97.jpg 300w\" sizes=\"(max-width: 393px) 100vw, 393px\" \/><\/figure><\/div>","protected":false},"excerpt":{"rendered":"<p>Entdecke den Naturpark Gantrisch mit seiner Vielfalt an Erlebnissen, kulturellen Sch\u00e4tzen, regionalen K\u00f6stlichkeiten und authentischen Gastgeber:innen. Mitten im Naturpark steht das Tipidorf. Die Urlandschaft Brecca, der Dittligsee, das G\u00fcrbetal, der L\u00e4ngenberg oder der Gurnigel mit unserem Namensgeber Gantrisch, sind die naturlandschaftlichen Sch\u00e4tze unseres Parks. Zu den wertvollsten Landschaften der Schweiz z\u00e4hlen die Moorlanschaft \u201cGantrisch\/Gurnigel\u201d sowie<\/p>\n<div class=\"more-link\">\n\t\t\t\t <a href=\"https:\/\/www.tipi-gantrisch.ch\/?page_id=44\" class=\"link-btn\"><span>Weiterlesen <\/span> <i class=\"icofont-thin-double-right\"><\/i><\/a>\n\t\t\t<\/div>\n","protected":false},"author":2,"featured_media":0,"parent":0,"menu_order":0,"comment_status":"closed","ping_status":"closed","template":"","meta":{"footnotes":""},"_links":{"self":[{"href":"https:\/\/www.tipi-gantrisch.ch\/index.php?rest_route=\/wp\/v2\/pages\/44"}],"collection":[{"href":"https:\/\/www.tipi-gantrisch.ch\/index.php?rest_route=\/wp\/v2\/pages"}],"about":[{"href":"https:\/\/www.tipi-gantrisch.ch\/index.php?rest_route=\/wp\/v2\/types\/page"}],"author":[{"embeddable":true,"href":"https:\/\/www.tipi-gantrisch.ch\/index.php?rest_route=\/wp\/v2\/users\/2"}],"replies":[{"embeddable":true,"href":"https:\/\/www.tipi-gantrisch.ch\/index.php?rest_route=%2Fwp%2Fv2%2Fcomments&post=44"}],"version-history":[{"count":4,"href":"https:\/\/www.tipi-gantrisch.ch\/index.php?rest_route=\/wp\/v2\/pages\/44\/revisions"}],"predecessor-version":[{"id":113,"href":"https:\/\/www.tipi-gantrisch.ch\/index.php?rest_route=\/wp\/v2\/pages\/44\/revisions\/113"}],"wp:attachment":[{"href":"https:\/\/www.tipi-gantrisch.ch\/index.php?rest_route=%2Fwp%2Fv2%2Fmedia&parent=44"}],"curies":[{"name":"wp","href":"https:\/\/api.w.org\/{rel}","templated":true}]}}